of 5 - (546 + -544 - (0 + 2 + 6))?
11
Calculate (-17 - (-8 + 22) - -12) + 9.
-10
-16 + (11 - 48) + 21
-32
Calculate 1 + -8 - ((14 - 4) + -27).
10
Calculate -4 + 16 + -1 - -6 - (1 + 4).
12
What is -5 + 1 + -8 + 0?
-12
What is the value of 11 - (19 - 6 - -8)?
-10
What is the value of 1 - (-7 - -11 - 11) - 2?
6
Evaluate (2 - 5) + -20 + (18 - 24 - -13).
-16
Evaluate 2 + (15 - 12) + 16.
21
Evaluate 2 + -9 - (72 - 73).
-6
-13 - -4 - (-13 - 3 - -9)
-2
What is the value of 0 + (-6 - 9) - -17?
2
Evaluate 28 + (-21 - 15) + -5.
-13
-4 + -1 + (-18 - (-57 + 33))
1
Calculate -20 - (-5 + 3 + -6).
-12
Calculate 6 - (-10 - (0 + -15 + 5)).
6
What is 13 + (-3 - (-10 + 10 + -4))?
14
(66 - 44) + (-12 - 1) + 0
9
Evaluate (-3 - (-8 + (-7 - 9))) + 0 + -1.
20
What is -11 - (3 + -1 + (-1 - (1 + 5)))?
-6
Calculate (66 + -61 - 27) + -1 + -2.
-25
What is the value of 6 - -2 - (26 - (6 + 11))?
-1
Calculate 4 + (12 - 3) - 13 - (3 + 0).
-3
What is the value of -3 - (-6 + -10) - 9 - (-7 + 0)?
11
Calculate -8 - (13 - -1) - (-4 + 14).
-32
Evaluate 0 + 4 + 12 + (-4 - -15).
27
Calculate (-4 + -2 - -13) + -6 + 3 + 4.
8
12 + (-2 - 15) + 2
-3
Evaluate -11 + 16 + (0 - -1).
6
What is the value of -17 + (-3 - -2) - (-8 - -1) - 3?
-14
-1 + (7 - 1) + -10 + 26 + -7
14
922 + -929 + 0 + 17 + -1 - 1
8
What is the value of (-1 + -3 - 18) + (1 - (2 - 4))?
-19
18 + (18 - 62) + 20
-6
(21 - (31 + -22)) + -18
-6
What is the value of -6 - (32 - 5 - -12 - (6 - 0))?
-39
1 + -43 + 37 - 26
-31
Calculate 44 + -52 + 4 + (-7 - (1 + -4)).
-8
What is the value of 2 + 12 + (-25 - 0)?
-11
-72 - -65 - (2 + (-3 - 2)) - -6
2
Evaluate (17 - 31) + 19 + -20 + 1 + -3.
-17
What is (-5 - (-3 + 26)) + 19?
-9
22 + -19 + -12 - -26
17
Calculate (7 - 22) + 4 - -8 - 4.
-7
Evaluate -14 + (3 - (-4 - -4)) + 6 + 15.
10
-18 + (4 - -3) + (2 - -26)
17
What is the value of -4 + -8 + 6 + 4?
-2
(-22 - 10) + 31 + -1 + 3
1
What is -8 + 0 - (-33 + 19 + 4)?
2
-6 + -1 + 23 + (11 - 20) + 18
25
Calculate -1 + -5 + (-7 - -7 - -4).
-2
Evaluate (1 - 3) + 5 - (70 + -87).
20
What is 5 - (3 + 1 + -13 - 2)?
16
What is the value of -19 + -11 - -3 - -19?
-8
What is -34 + -18 + 31 + -1?
-22
What is the value of -29 + 26 + 11 + 4?
12
(-46 - -23) + (-3 - -3) + -2
-25
What is the value of 6 + -1 - (3 - (-24 + 20))?
-2
Calculate -7 + (0 - (-3 + -9 + 1)).
4
What is the value of (23 - (-2 - 7)) + -24?
8
What is the value of 8 + (-28 - -15) + -3?
-8
What is the value of (4 - 4) + (25 + -17 - (15 + -1))?
-6
Evaluate (3 - 2) + (-33 - -1) + -2704 + 2706.
-29
Evaluate 6 - ((19 - 2) + -2 + -4).
-5
-5 + (1 - 0 - (0 - -1))
-5
What is the value of 26 + -60 + 28 + 5 + 2 + -1?
0
What is the value of 5 + -4 - 1 - 5?
-5
What is the value of -9 + (-6 + -3 + 6 - 0 - -8)?
-4
492 + -514 + (-6 + (0 - -3) - -2)
-23
Calculate (24 - 21 - 4) + 17.
16
(-29 - 1) + (-49 - -61) + 0
-18
(5 - 24) + (2 - 4 - -14) - -5
-2
What is the value of 37 - (3 + 29) - -15?
20
What is the value of -9 + 2 + -4 - (42 - 70)?
17
What is the value of (-13 - -5 - 7) + 18?
3
What is 18 - (-8 - -6 - -1) - 7?
12
(-6 - 1) + (-8 - (-21 - 5 - -20))
-9
Calculate -4 - 2 - (5 - 6 - 13 - -26).
-18
What is (-2 - 2) + (-20 + -3 - (-53 + 35))?
-9
What is the value of -13 - (-38 + 5 + 20)?
0
Evaluate (10 - (-21 - -39)) + 19.
11
What is the value of -14 + -4 + 12 + (12 - 0)?
6
What is the value of 11 + 1 + (12 - 37)?
-13
0 + -2 + -2 - (-61 + 61) - -13
9
What is the value of -13 - (-44 - (9 + -1 - 17))?
22
What is -2 - ((3 - 2 - 5) + (6 - 2))?
-2
What is the value of -4 - -8 - (8 + -7)?
3
Calculate (9 - 0 - (-8 + -9)) + (0 - 5).
21
What is (-3 - 13) + 13 + 11?
8
(-4 - -12) + 3 - 11 - (-7 - -18)
-11
Calculate -2 - (-5 + 5 + (-6 - -7 - 19)).
16
What is the value of -9 + (-5 + 10 - (1 - (-2 + 4)))?
-3
What is the value of 69 - 75 - (-11 + (-1 - -1))?
5
Calculate -15 + 11 - 2 - (-1 + 0).
-5
Calculate -42 - (3 - (62 + -24)).
-7
What is the value of -1 - -7 - (76 + -50)?
-20
Calculate 0 + -1 + -10 + (5 - -24 - 22).
-4
What is -2 + 3 - 11 - (-11 - -21)?
-20
Evaluate -8 - (-23 + -6 + -7 + 3).
25
3 + 12 + (1 - 7) + -15 + 8
2
What is 30 - (4 + 28) - (1 + 0)?
-3
Calculate -2 + -35 + 21 - 6.
-22
Evaluate (-37 + 14 - -24) + -2.
-1
What is (6 - (20 - 9)) + -15 + 11?
-9
Evaluate 12 + 1 + (750 - 755).
8
(-2 - (3 + -6 - -3)) + 5 + -8
-5
What is the value of 0 - -12 - 3 - (6 + 25 + -21)?
-1
Calculate 2 - (-9 + 6 + -3 + (1 - -22)).
-15
Evaluate -39 - -43 - (3 - 8).
9
Calculate (-44 - 2) + (-204 - -222).
-28
What is the value of (12 - 53) + (-26 - -44)?
-23
-20 + -3 + 6 + (12 - (-6 + 11))
-10
What is 4 + -11 - 1 - (-52 + 42)?
2
What is 41 - 25 - (33 + 4)?
-21
Evaluate -14 + 7 + 8 - 0.
1
-14 - -26 - (-11 + 27)
-4
-7 - (6 - 5) - (2 + -8)
-2
-28 + -7 + 48 - (-5 - (2 - 4))
16
What is 35 - (41 + -26 + 9)?
11
What is 37 + -37 + (-15 - -1)?
-14
Calculate 13 + (0 - (-8 + 18)).
3
What is (9 - (12 - (-10 + 16))) + -33?
-30
What is 1 + -12 - (229 - 231)?
-9
What is 20 + -18 - (0 + -5 + 11)?
-4
-12 + 23 + -25 + 26 + -1 + 4
15
Evaluate -3 - (-2 + ((5 - 12) + 5 - -1)).
0
Calculate -12 + 8 + -4 + 4 - -13.
9
What is the value of 6 + (2 - (-9 + 13 - -3))?
1
-312 - -330 - (1 + 4)
13
3 + (3 - (4 - 1) - 14) + 0
-11
What is 28 + 2 + (-533 - -518)?
15
What is (13 + 3 + 20 + -11 - 11) + 3?
17
-21 + 21 - (35 - (-6 - -1 - -8))
-32
What is 4 + -1 + (14 - 6) + (-29 - -28)?
10
What is (-36 - -12) + (-13 - -9) + 5 + 2?
-21
Calculate 3 - -4 - (-38 - -37 - (0 + -14)).
-6
What is -12 + 16 - (8 + -37 - -6 - -3)?
24
Evaluate 13 + (1 - 0) - (7 + (-12 - -3)).
16
Calculate -24 + 6 + 14 + (-3 - -15 - -1).
9
Evaluate 3 - (5 + -1 - 6).
5
Calculate -6 + 2 - 4 - ((-1 - -2) + 5).
-14
Evaluate (14 - -3) + (-15 - (-6 + 2) - -5).
11
What is the value of 7 + -10 + (-3 - 9 - 3)?
-18
Calculate (5 - (6 - -1)) + 0 + -3 - -6.
1
Evaluate -9 - -31 - (-5 - -42).
-15
Evaluate (-10 - (-12 + 4)) + 8.
6
What is the value of (-29 - (-19 - 20)) + 2 + 0?
12
2 - -4 - (-46 + 65)
-13
What is 7 + (8 - 13) - (6 - 12)?
8
-14 + (-11 - (-30 + -4))
9
What is the value of 1659 + -1647 - (-2 - (-2 - 14))?
-2
Evaluate -43 - ((24 - -13) + -69).
-11
Calculate (4 - (-6 + -1)) + -7 + 4.
8
What is the value of 7 + 0 + (1 - (1 + -5)) - 7?
5
7 - (-4 + (12 - 1) + -4 + 1)
3
Calculate 24 + -10 - (-5 - (-8 + (-1 - -6))).
16
What is (-8 - (-4 - (2 - 4) - 4)) + 6?
4
What is the value of -17 + 33 + (-2 - -17) + -14?
17
What is the value of 11 + -6 + (-1 - 2 - -1) + -1?
2
Evaluate -5 + 1 + 644 + -661.
-21
Calculate 1 - (14 + (-19 - -5)).
1
Calculate -6 + (-1 - -3) + (8 - 8 - 9).
-13
What is (-5 - (-4 + -18)) + -18?
-1
What is (-4 + 0 - 4) + (5 - (16 - 19))?
0
Evaluate -136 - -137 - (0 + -1).
2
Evaluate (-15 - (-16 - (-16 + -5))) + 6.
-14
Evaluate 1 + 1 - (-8 + 10 + -13 - -5).
8
Calculate 8 - (2 + -9) - 16.
-1
1 - 13 - (9 - (0 - -12))
-9
What is -16 + 23 + 1 + (3 - 6) - 8?
-3
What is the value of 7 - 0 - ((3 - -7) + 38 + -38)?
-3
-16 + (5 + -5 - (-7 + 1 + 1))
-11
What is -4 + -3 + 7 + 0 - -2 - -11?
13
What is the value of -1 + 0 + -12 + -2?
-15
What is the value of -2 - 1 - ((20 - 26) + -12)?
15
What is (-17 - -27 - 23) + 0 + 8?
-5
What is 1 + 1 + (-30 - -35) + 8?
15
Evaluate (-38 - -27) + 3 + 0 + -3 + -8.
-19
Evaluate -18 + 10 + (-21 - -31 - (12 - 0)).
-10
What is the value of -3 + (-9 - -18) + -6?
0
What is the value of -9 + 20 + 0 + -17?
-6
Calculate 7 + -2 + (-1 - (16 + -14)).
2
-19 - -38 - (37 + 0)
-18
Calculate 2 + -1 - (6 + (-14 - 9) + -6).
24
What is 27 - (28 - -8 - 3)?
-6
Calculate -22 - (-32 - 34) - 34.
10
Calculate 15 + -1 - (-4 + 12 - (-7 - -10)).
9
What is -11 + -30 + 33 - -26?
18
Evaluate (-37 - -25) + 20 + -11.
-3
Calculate -17 + 20 + (44 - 37).
10
Calculate -21 + -2 - -9 - (-1 + -3).
-10
Calculate (112 - 130 - (-2 - 9)) + -1 + -3.
-11
What is (6 - -4 - 7) + (-10 - -7 - 1)?
-1
-10 + (6 - (12 - 8)) - 3
-11
What is the value of ((-8 - -14) + -5 - (-6 - -3)) + 4?
8
Calculate 10 + -7 + (-12 - (-9 + 6)).
-6
Evaluate (4 - 8) + (-5 + 10 - (-8 - -24)).
-15
What is the value of -17 - (-39 - (-4 + -21))?
-3
Calculate 11 + (60 + -32 - 24).
15
What is the value of -17 - -28 - (4 + -1 + (2 - 1))?
7
What is 8 - (-22 + 7 - -13 - -16)?
-6
What is 1 + (-2 - -4) + (10 - (-9 - -10))?
12
What is (127 - 104) + -4 + 4?
23
What is -6 - (0 - 3) - -8 - (-1 + 4)?
2
What is -4 + 0 + -7 - (-9 - 0) - 6?
-8
Evaluate (0 - 0 - 11) + -40 